{"id":8942,"date":"2026-08-21T18:37:24","date_gmt":"2026-08-21T18:37:24","guid":{"rendered":"https:\/\/labuenatierra.es\/"},"modified":"2026-08-21T18:54:13","modified_gmt":"2026-08-21T18:54:13","slug":"cafe-colombia-kachalu","status":"publish","type":"product","link":"https:\/\/labuenatierra.es\/en\/product\/cafe-colombia-kachalu","title":{"rendered":"Caf\u00e9 Colombia Kachal\u00fa"},"content":{"rendered":"<p>Para ser un caf\u00e9 sudamericano, presenta un car\u00e1cter sorprendentemente intenso, casi\u00a0terroso y especiado. Su\u00a0dulzor\u00a0intenso se complementa con aromas\u00a0complejos\u00a0que van desde\u00a0el caramelo hasta el chocolate, con un toque de\u00a0frutas dulces.<\/p>\n<p>Tueste: Medio<\/p>\n<p>Cuerpo: Medio-bajo<\/p>\n<p>Paquetes de 100gr. Adem\u00e1s, puedes elegir si prefieres tu paquete en grano o molido.<\/p>\n<p>We can give you more information about any of our varieties in our contact section, please do not hesitate to ask us for more information. <a href=\"https:\/\/labuenatierra.es\/en\/contact\/\" target=\"_blank\" rel=\"noopener noreferrer\"><strong>here<\/strong><\/a>!<\/p>","protected":false},"excerpt":{"rendered":"<p>Para ser un caf\u00e9 sudamericano, presenta un car\u00e1cter sorprendentemente intenso, casi\u00a0terroso y especiado. Su\u00a0dulzor\u00a0intenso se complementa con aromas\u00a0complejos\u00a0que van desde\u00a0el caramelo hasta el chocolate, con un toque de\u00a0frutas dulces. Tueste: Medio Cuerpo: Medio-bajo Paquetes de 100gr. Adem\u00e1s, puedes elegir si prefieres tu paquete en grano o molido. Podemos ofrecerte m\u00e1s informaci\u00f3n sobre cualquiera de nuestras [&hellip;]<\/p>\n","protected":false},"featured_media":8912,"template":"","meta":[],"product_brand":[],"product_cat":[91,117],"product_tag":[],"class_list":{"0":"post-8942","1":"product","2":"type-product","3":"status-publish","4":"has-post-thumbnail","6":"product_cat-cafe","7":"product_cat-cafe-de-origen","9":"first","10":"instock","11":"taxable","12":"shipping-taxable","13":"purchasable","14":"product-type-variable"},"_links":{"self":[{"href":"https:\/\/labuenatierra.es\/en\/wp-json\/wp\/v2\/product\/8942","targetHints":{"allow":["GET"]}}],"collection":[{"href":"https:\/\/labuenatierra.es\/en\/wp-json\/wp\/v2\/product"}],"about":[{"href":"https:\/\/labuenatierra.es\/en\/wp-json\/wp\/v2\/types\/product"}],"wp:featuredmedia":[{"embeddable":true,"href":"https:\/\/labuenatierra.es\/en\/wp-json\/wp\/v2\/media\/8912"}],"wp:attachment":[{"href":"https:\/\/labuenatierra.es\/en\/wp-json\/wp\/v2\/media?parent=8942"}],"wp:term":[{"taxonomy":"product_brand","embeddable":true,"href":"https:\/\/labuenatierra.es\/en\/wp-json\/wp\/v2\/product_brand?post=8942"},{"taxonomy":"product_cat","embeddable":true,"href":"https:\/\/labuenatierra.es\/en\/wp-json\/wp\/v2\/product_cat?post=8942"},{"taxonomy":"product_tag","embeddable":true,"href":"https:\/\/labuenatierra.es\/en\/wp-json\/wp\/v2\/product_tag?post=8942"}],"curies":[{"name":"wp","href":"https:\/\/api.w.org\/{rel}","templated":true}]}}

Café Colombia Kachalú

<p>Para ser un café sudamericano, presenta un carácter sorprendentemente intenso, casi terroso y especiado. Su dulzor intenso se complementa con aromas complejos que van desde el caramelo hasta el chocolate, con un toque de frutas dulces.</p>
<p>Tueste: Medio</p>
<p>Cuerpo: Medio-bajo</p>
<p>Paquetes de 100gr. Además, puedes elegir si prefieres tu paquete en grano o molido.</p>
<p>We can give you more information about any of our varieties in our contact section, please do not hesitate to ask us for more information. <a href="https://labuenatierra.es/en/contact/" target="_blank" rel="noopener noreferrer"><strong>here</strong></a>!</p>

<p>Para ser un café sudamericano, presenta un carácter sorprendentemente intenso, casi terroso y especiado. Su dulzor intenso se complementa con aromas complejos que van desde el caramelo hasta el chocolate, con un toque de frutas dulces. Tueste: Medio Cuerpo: Medio-bajo Paquetes de 100gr. Además, puedes elegir si prefieres tu paquete en grano o molido. Podemos ofrecerte más información sobre cualquiera de nuestras [&hellip;]</p>
