{"id":8936,"date":"2026-08-21T18:37:15","date_gmt":"2026-08-21T18:37:15","guid":{"rendered":"https:\/\/labuenatierra.es\/"},"modified":"2026-08-21T18:51:52","modified_gmt":"2026-08-21T18:51:52","slug":"cafe-bolivia-la-frontera","status":"publish","type":"product","link":"https:\/\/labuenatierra.es\/en\/product\/cafe-bolivia-la-frontera","title":{"rendered":"Caf\u00e9 Bolivia La Frontera"},"content":{"rendered":"<p>Caf\u00e9 con cuerpo armonioso y\u00a0acidez media, y un sabor a chocolate,\u00a0a nuez y tierra, con una\u00a0nota arom\u00e1tica y afrutada<\/p>\n<p>Tueste: Medio<\/p>\n<p>Cuerpo: Medio-bajo<\/p>\n<p>Paquetes de 100gr. Adem\u00e1s, puedes elegir si prefieres tu paquete en grano o molido.<\/p>\n<p>We can give you more information about any of our varieties in our contact section, please do not hesitate to ask us for more information. <a href=\"https:\/\/labuenatierra.es\/en\/contact\/\" target=\"_blank\" rel=\"noopener noreferrer\"><strong>here<\/strong><\/a>!<\/p>","protected":false},"excerpt":{"rendered":"<p>Caf\u00e9 con cuerpo armonioso y\u00a0acidez media, y un sabor a chocolate,\u00a0a nuez y tierra, con una\u00a0nota arom\u00e1tica y afrutada Tueste: Medio Cuerpo: Medio-bajo Paquetes de 100gr. Adem\u00e1s, puedes elegir si prefieres tu paquete en grano o molido. Podemos ofrecerte m\u00e1s informaci\u00f3n sobre cualquiera de nuestras variedades en nuestra secci\u00f3n de contacto. \u00a1No dudes en preguntarnos [&hellip;]<\/p>\n","protected":false},"featured_media":8915,"template":"","meta":[],"product_brand":[],"product_cat":[91,117],"product_tag":[],"class_list":{"0":"post-8936","1":"product","2":"type-product","3":"status-publish","4":"has-post-thumbnail","6":"product_cat-cafe","7":"product_cat-cafe-de-origen","9":"first","10":"instock","11":"taxable","12":"shipping-taxable","13":"purchasable","14":"product-type-variable"},"_links":{"self":[{"href":"https:\/\/labuenatierra.es\/en\/wp-json\/wp\/v2\/product\/8936","targetHints":{"allow":["GET"]}}],"collection":[{"href":"https:\/\/labuenatierra.es\/en\/wp-json\/wp\/v2\/product"}],"about":[{"href":"https:\/\/labuenatierra.es\/en\/wp-json\/wp\/v2\/types\/product"}],"wp:featuredmedia":[{"embeddable":true,"href":"https:\/\/labuenatierra.es\/en\/wp-json\/wp\/v2\/media\/8915"}],"wp:attachment":[{"href":"https:\/\/labuenatierra.es\/en\/wp-json\/wp\/v2\/media?parent=8936"}],"wp:term":[{"taxonomy":"product_brand","embeddable":true,"href":"https:\/\/labuenatierra.es\/en\/wp-json\/wp\/v2\/product_brand?post=8936"},{"taxonomy":"product_cat","embeddable":true,"href":"https:\/\/labuenatierra.es\/en\/wp-json\/wp\/v2\/product_cat?post=8936"},{"taxonomy":"product_tag","embeddable":true,"href":"https:\/\/labuenatierra.es\/en\/wp-json\/wp\/v2\/product_tag?post=8936"}],"curies":[{"name":"wp","href":"https:\/\/api.w.org\/{rel}","templated":true}]}}

Café Bolivia La Frontera

<p>Café con cuerpo armonioso y acidez media, y un sabor a chocolate, a nuez y tierra, con una nota aromática y afrutada</p>
<p>Tueste: Medio</p>
<p>Cuerpo: Medio-bajo</p>
<p>Paquetes de 100gr. Además, puedes elegir si prefieres tu paquete en grano o molido.</p>
<p>We can give you more information about any of our varieties in our contact section, please do not hesitate to ask us for more information. <a href="https://labuenatierra.es/en/contact/" target="_blank" rel="noopener noreferrer"><strong>here</strong></a>!</p>

<p>Café con cuerpo armonioso y acidez media, y un sabor a chocolate, a nuez y tierra, con una nota aromática y afrutada Tueste: Medio Cuerpo: Medio-bajo Paquetes de 100gr. Además, puedes elegir si prefieres tu paquete en grano o molido. Podemos ofrecerte más información sobre cualquiera de nuestras variedades en nuestra sección de contacto. ¡No dudes en preguntarnos [&hellip;]</p>
