{"id":8933,"date":"2026-08-21T18:37:11","date_gmt":"2026-08-21T18:37:11","guid":{"rendered":"https:\/\/labuenatierra.es\/"},"modified":"2026-08-21T18:47:23","modified_gmt":"2026-08-21T18:47:23","slug":"cafe-mejico-finca-el-flamingo","status":"publish","type":"product","link":"https:\/\/labuenatierra.es\/en\/product\/cafe-mejico-finca-el-flamingo","title":{"rendered":"Caf\u00e9 M\u00e9jico Finca el Flamingo"},"content":{"rendered":"<p>Una combinaci\u00f3n perfecta de un cuerpo bien equilibrado y sabroso con una acidez suave. El aroma\u00a0dulce y floral, y las\u00a0notas de chocolate\u00a0hacen de este caf\u00e9 una verdadera delicia.<\/p>\n<p>Tueste: Medio<\/p>\n<p>Cuerpo: Medio-bajo<\/p>\n<p>Paquetes de 100gr. Adem\u00e1s, puedes elegir si prefieres tu paquete en grano o molido.<\/p>\n<p>We can give you more information about any of our varieties in our contact section, please do not hesitate to ask us for more information. <a href=\"https:\/\/labuenatierra.es\/en\/contact\/\" target=\"_blank\" rel=\"noopener noreferrer\"><strong>here<\/strong><\/a>!<\/p>","protected":false},"excerpt":{"rendered":"<p>Una combinaci\u00f3n perfecta de un cuerpo bien equilibrado y sabroso con una acidez suave. El aroma\u00a0dulce y floral, y las\u00a0notas de chocolate\u00a0hacen de este caf\u00e9 una verdadera delicia. Tueste: Medio Cuerpo: Medio-bajo Paquetes de 100gr. Adem\u00e1s, puedes elegir si prefieres tu paquete en grano o molido. Podemos ofrecerte m\u00e1s informaci\u00f3n sobre cualquiera de nuestras variedades [&hellip;]<\/p>\n","protected":false},"featured_media":8916,"template":"","meta":[],"product_brand":[],"product_cat":[91,117],"product_tag":[],"class_list":{"0":"post-8933","1":"product","2":"type-product","3":"status-publish","4":"has-post-thumbnail","6":"product_cat-cafe","7":"product_cat-cafe-de-origen","9":"first","10":"instock","11":"taxable","12":"shipping-taxable","13":"purchasable","14":"product-type-variable"},"_links":{"self":[{"href":"https:\/\/labuenatierra.es\/en\/wp-json\/wp\/v2\/product\/8933","targetHints":{"allow":["GET"]}}],"collection":[{"href":"https:\/\/labuenatierra.es\/en\/wp-json\/wp\/v2\/product"}],"about":[{"href":"https:\/\/labuenatierra.es\/en\/wp-json\/wp\/v2\/types\/product"}],"wp:featuredmedia":[{"embeddable":true,"href":"https:\/\/labuenatierra.es\/en\/wp-json\/wp\/v2\/media\/8916"}],"wp:attachment":[{"href":"https:\/\/labuenatierra.es\/en\/wp-json\/wp\/v2\/media?parent=8933"}],"wp:term":[{"taxonomy":"product_brand","embeddable":true,"href":"https:\/\/labuenatierra.es\/en\/wp-json\/wp\/v2\/product_brand?post=8933"},{"taxonomy":"product_cat","embeddable":true,"href":"https:\/\/labuenatierra.es\/en\/wp-json\/wp\/v2\/product_cat?post=8933"},{"taxonomy":"product_tag","embeddable":true,"href":"https:\/\/labuenatierra.es\/en\/wp-json\/wp\/v2\/product_tag?post=8933"}],"curies":[{"name":"wp","href":"https:\/\/api.w.org\/{rel}","templated":true}]}}

Café Méjico Finca el Flamingo

<p>Una combinación perfecta de un cuerpo bien equilibrado y sabroso con una acidez suave. El aroma dulce y floral, y las notas de chocolate hacen de este café una verdadera delicia.</p>
<p>Tueste: Medio</p>
<p>Cuerpo: Medio-bajo</p>
<p>Paquetes de 100gr. Además, puedes elegir si prefieres tu paquete en grano o molido.</p>
<p>We can give you more information about any of our varieties in our contact section, please do not hesitate to ask us for more information. <a href="https://labuenatierra.es/en/contact/" target="_blank" rel="noopener noreferrer"><strong>here</strong></a>!</p>

<p>Una combinación perfecta de un cuerpo bien equilibrado y sabroso con una acidez suave. El aroma dulce y floral, y las notas de chocolate hacen de este café una verdadera delicia. Tueste: Medio Cuerpo: Medio-bajo Paquetes de 100gr. Además, puedes elegir si prefieres tu paquete en grano o molido. Podemos ofrecerte más información sobre cualquiera de nuestras variedades [&hellip;]</p>
