{"id":8930,"date":"2026-08-21T18:37:07","date_gmt":"2026-08-21T18:37:07","guid":{"rendered":"https:\/\/labuenatierra.es\/"},"modified":"2026-08-21T18:46:47","modified_gmt":"2026-08-21T18:46:47","slug":"cafe-brasil-camocin","status":"publish","type":"product","link":"https:\/\/labuenatierra.es\/en\/product\/cafe-brasil-camocin","title":{"rendered":"Caf\u00e9 Brasil Camoc\u00edn"},"content":{"rendered":"<p>Caf\u00e9 con\u00a0aroma\u00a0suave, dulce\u00a0y\u00a0afrutado\u00a0y su\u00a0cuerpo pleno. A pesar de su bajo contenido en acidez, el caf\u00e9 presenta en el paladar una\u00a0ligera y agradable nota \u00e1cida\u00a0que le confiere frescura y vivacidad.<\/p>\n<p>Tueste: Medio-bajo<\/p>\n<p>Cuerpo: Medio-bajo<\/p>\n<p>Paquetes de 100gr. Adem\u00e1s, puedes elegir si prefieres tu paquete en grano o molido.<\/p>\n<p>We can give you more information about any of our varieties in our contact section, please do not hesitate to ask us for more information. <a href=\"https:\/\/labuenatierra.es\/en\/contact\/\" target=\"_blank\" rel=\"noopener noreferrer\"><strong>here<\/strong><\/a>!<\/p>","protected":false},"excerpt":{"rendered":"<p>Caf\u00e9 con\u00a0aroma\u00a0suave, dulce\u00a0y\u00a0afrutado\u00a0y su\u00a0cuerpo pleno. A pesar de su bajo contenido en acidez, el caf\u00e9 presenta en el paladar una\u00a0ligera y agradable nota \u00e1cida\u00a0que le confiere frescura y vivacidad. Tueste: Medio-bajo Cuerpo: Medio-bajo Paquetes de 100gr. Adem\u00e1s, puedes elegir si prefieres tu paquete en grano o molido. Podemos ofrecerte m\u00e1s informaci\u00f3n sobre cualquiera de nuestras [&hellip;]<\/p>\n","protected":false},"featured_media":8917,"template":"","meta":[],"product_brand":[],"product_cat":[91,117],"product_tag":[],"class_list":{"0":"post-8930","1":"product","2":"type-product","3":"status-publish","4":"has-post-thumbnail","6":"product_cat-cafe","7":"product_cat-cafe-de-origen","9":"first","10":"instock","11":"taxable","12":"shipping-taxable","13":"purchasable","14":"product-type-variable"},"_links":{"self":[{"href":"https:\/\/labuenatierra.es\/en\/wp-json\/wp\/v2\/product\/8930","targetHints":{"allow":["GET"]}}],"collection":[{"href":"https:\/\/labuenatierra.es\/en\/wp-json\/wp\/v2\/product"}],"about":[{"href":"https:\/\/labuenatierra.es\/en\/wp-json\/wp\/v2\/types\/product"}],"wp:featuredmedia":[{"embeddable":true,"href":"https:\/\/labuenatierra.es\/en\/wp-json\/wp\/v2\/media\/8917"}],"wp:attachment":[{"href":"https:\/\/labuenatierra.es\/en\/wp-json\/wp\/v2\/media?parent=8930"}],"wp:term":[{"taxonomy":"product_brand","embeddable":true,"href":"https:\/\/labuenatierra.es\/en\/wp-json\/wp\/v2\/product_brand?post=8930"},{"taxonomy":"product_cat","embeddable":true,"href":"https:\/\/labuenatierra.es\/en\/wp-json\/wp\/v2\/product_cat?post=8930"},{"taxonomy":"product_tag","embeddable":true,"href":"https:\/\/labuenatierra.es\/en\/wp-json\/wp\/v2\/product_tag?post=8930"}],"curies":[{"name":"wp","href":"https:\/\/api.w.org\/{rel}","templated":true}]}}

Café Brasil Camocín

<p>Café con aroma suave, dulce y afrutado y su cuerpo pleno. A pesar de su bajo contenido en acidez, el café presenta en el paladar una ligera y agradable nota ácida que le confiere frescura y vivacidad.</p>
<p>Tueste: Medio-bajo</p>
<p>Cuerpo: Medio-bajo</p>
<p>Paquetes de 100gr. Además, puedes elegir si prefieres tu paquete en grano o molido.</p>
<p>We can give you more information about any of our varieties in our contact section, please do not hesitate to ask us for more information. <a href="https://labuenatierra.es/en/contact/" target="_blank" rel="noopener noreferrer"><strong>here</strong></a>!</p>

<p>Café con aroma suave, dulce y afrutado y su cuerpo pleno. A pesar de su bajo contenido en acidez, el café presenta en el paladar una ligera y agradable nota ácida que le confiere frescura y vivacidad. Tueste: Medio-bajo Cuerpo: Medio-bajo Paquetes de 100gr. Además, puedes elegir si prefieres tu paquete en grano o molido. Podemos ofrecerte más información sobre cualquiera de nuestras [&hellip;]</p>
