{"id":8927,"date":"2026-08-21T18:36:46","date_gmt":"2026-08-21T18:36:46","guid":{"rendered":"https:\/\/labuenatierra.es\/"},"modified":"2026-08-21T18:39:33","modified_gmt":"2026-08-21T18:39:33","slug":"cafe-india-honduras-copantillo","status":"publish","type":"product","link":"https:\/\/labuenatierra.es\/en\/product\/cafe-india-honduras-copantillo","title":{"rendered":"Caf\u00e9 India Honduras Copantillo"},"content":{"rendered":"<p>Este caf\u00e9 es\u00a0fuerte\u00a0y con\u00a0cuerpo, pero bajo en\u00a0\u00e1cidez. Su sabor recuerda a las\u00a0nueces\u00a0y al\u00a0chocolate.<\/p>\n<p>Tueste: Medio<\/p>\n<p>Cuerpo: Medio-bajo<\/p>\n<p>Paquetes de 100gr. Adem\u00e1s, puedes elegir si prefieres tu paquete en grano o molido.<\/p>\n<p>We can give you more information about any of our varieties in our contact section, please do not hesitate to ask us for more information. <a href=\"https:\/\/labuenatierra.es\/en\/contact\/\" target=\"_blank\" rel=\"noopener noreferrer\"><strong>here<\/strong><\/a>!<\/p>","protected":false},"excerpt":{"rendered":"<p>Este caf\u00e9 es\u00a0fuerte\u00a0y con\u00a0cuerpo, pero bajo en\u00a0\u00e1cidez. Su sabor recuerda a las\u00a0nueces\u00a0y al\u00a0chocolate. Tueste: Medio Cuerpo: Medio-bajo Paquetes de 100gr. Adem\u00e1s, puedes elegir si prefieres tu paquete en grano o molido. Podemos ofrecerte m\u00e1s informaci\u00f3n sobre cualquiera de nuestras variedades en nuestra secci\u00f3n de contacto. \u00a1No dudes en preguntarnos aqu\u00ed!<\/p>","protected":false},"featured_media":8918,"template":"","meta":[],"product_brand":[],"product_cat":[91,117],"product_tag":[],"class_list":{"0":"post-8927","1":"product","2":"type-product","3":"status-publish","4":"has-post-thumbnail","6":"product_cat-cafe","7":"product_cat-cafe-de-origen","9":"first","10":"instock","11":"taxable","12":"shipping-taxable","13":"purchasable","14":"product-type-variable"},"_links":{"self":[{"href":"https:\/\/labuenatierra.es\/en\/wp-json\/wp\/v2\/product\/8927","targetHints":{"allow":["GET"]}}],"collection":[{"href":"https:\/\/labuenatierra.es\/en\/wp-json\/wp\/v2\/product"}],"about":[{"href":"https:\/\/labuenatierra.es\/en\/wp-json\/wp\/v2\/types\/product"}],"wp:featuredmedia":[{"embeddable":true,"href":"https:\/\/labuenatierra.es\/en\/wp-json\/wp\/v2\/media\/8918"}],"wp:attachment":[{"href":"https:\/\/labuenatierra.es\/en\/wp-json\/wp\/v2\/media?parent=8927"}],"wp:term":[{"taxonomy":"product_brand","embeddable":true,"href":"https:\/\/labuenatierra.es\/en\/wp-json\/wp\/v2\/product_brand?post=8927"},{"taxonomy":"product_cat","embeddable":true,"href":"https:\/\/labuenatierra.es\/en\/wp-json\/wp\/v2\/product_cat?post=8927"},{"taxonomy":"product_tag","embeddable":true,"href":"https:\/\/labuenatierra.es\/en\/wp-json\/wp\/v2\/product_tag?post=8927"}],"curies":[{"name":"wp","href":"https:\/\/api.w.org\/{rel}","templated":true}]}}

Café India Honduras Copantillo

<p>Este café es fuerte y con cuerpo, pero bajo en ácidez. Su sabor recuerda a las nueces y al chocolate.</p>
<p>Tueste: Medio</p>
<p>Cuerpo: Medio-bajo</p>
<p>Paquetes de 100gr. Además, puedes elegir si prefieres tu paquete en grano o molido.</p>
<p>We can give you more information about any of our varieties in our contact section, please do not hesitate to ask us for more information. <a href="https://labuenatierra.es/en/contact/" target="_blank" rel="noopener noreferrer"><strong>here</strong></a>!</p>

<p>Este café es fuerte y con cuerpo, pero bajo en ácidez. Su sabor recuerda a las nueces y al chocolate. Tueste: Medio Cuerpo: Medio-bajo Paquetes de 100gr. Además, puedes elegir si prefieres tu paquete en grano o molido. Podemos ofrecerte más información sobre cualquiera de nuestras variedades en nuestra sección de contacto. ¡No dudes en preguntarnos aquí!</p>
