{"id":8589,"date":"2026-08-13T09:27:47","date_gmt":"2026-08-13T09:27:47","guid":{"rendered":"https:\/\/labuenatierra.es\/"},"modified":"2026-08-13T09:29:28","modified_gmt":"2026-08-13T09:29:28","slug":"te-negro-cafe-fresa-cacao","status":"publish","type":"product","link":"https:\/\/labuenatierra.es\/en\/product\/te-negro-cafe-fresa-cacao","title":{"rendered":"T\u00e9 Negro Caf\u00e9, Fresa &#038; Cacao"},"content":{"rendered":"<p>Ingredientes: T\u00e9 negro, c\u00e1scara de cacao, granos de caf\u00e9 tostado, aroma natural, trocitos de fresa liofilizada.<\/p>\n<p>&nbsp;<\/p>","protected":false},"excerpt":{"rendered":"<p>Infuse 90c-100c for 3-5 minutes.<\/p>\n<p>Prepare it in the most comfortable way with the <strong><a href=\"https:\/\/labuenatierra.es\/en\/product\/medium-finum-strainer\/\">Finum filter.<\/a><\/strong><\/p>\n<p>&nbsp;<\/p>","protected":false},"featured_media":8593,"template":"","meta":[],"product_brand":[],"product_cat":[29],"product_tag":[57],"class_list":{"0":"post-8589","1":"product","2":"type-product","3":"status-publish","4":"has-post-thumbnail","6":"product_cat-te-negro","7":"product_tag-nuevos-sabores","8":"pa_peso-100gr","9":"pa_peso-200gr","10":"pa_peso-50gr","12":"first","13":"instock","14":"taxable","15":"shipping-taxable","16":"purchasable","17":"product-type-variable"},"_links":{"self":[{"href":"https:\/\/labuenatierra.es\/en\/wp-json\/wp\/v2\/product\/8589","targetHints":{"allow":["GET"]}}],"collection":[{"href":"https:\/\/labuenatierra.es\/en\/wp-json\/wp\/v2\/product"}],"about":[{"href":"https:\/\/labuenatierra.es\/en\/wp-json\/wp\/v2\/types\/product"}],"wp:featuredmedia":[{"embeddable":true,"href":"https:\/\/labuenatierra.es\/en\/wp-json\/wp\/v2\/media\/8593"}],"wp:attachment":[{"href":"https:\/\/labuenatierra.es\/en\/wp-json\/wp\/v2\/media?parent=8589"}],"wp:term":[{"taxonomy":"product_brand","embeddable":true,"href":"https:\/\/labuenatierra.es\/en\/wp-json\/wp\/v2\/product_brand?post=8589"},{"taxonomy":"product_cat","embeddable":true,"href":"https:\/\/labuenatierra.es\/en\/wp-json\/wp\/v2\/product_cat?post=8589"},{"taxonomy":"product_tag","embeddable":true,"href":"https:\/\/labuenatierra.es\/en\/wp-json\/wp\/v2\/product_tag?post=8589"}],"curies":[{"name":"wp","href":"https:\/\/api.w.org\/{rel}","templated":true}]}}

Té Negro Café, Fresa &#038; Cacao

<p>Ingredientes: Té negro, cáscara de cacao, granos de café tostado, aroma natural, trocitos de fresa liofilizada.</p>
<p>&nbsp;</p>
